{"id":1506,"date":"2017-09-07T15:28:23","date_gmt":"2017-09-07T13:28:23","guid":{"rendered":"http:\/\/www.lycee-sud-perigord.fr\/?page_id=1506"},"modified":"2024-09-17T14:14:42","modified_gmt":"2024-09-17T12:14:42","slug":"restauration","status":"publish","type":"page","link":"https:\/\/www.lycee-sud-perigord.fr\/2023\/vie-lyceenne\/internat-12-pension\/restauration\/","title":{"rendered":"Internat"},"content":{"rendered":"<h2><\/h2>\n<h4>Le lyc\u00e9e propose d&rsquo;accueillir gratuitement les internes le dimanche soir de 20h \u00e0 22h.<\/h4>\n<h4>La famille ou l&rsquo;\u00e9l\u00e8ve majeur, s&rsquo;engage \u00e0 pr\u00e9venir de tout retard ou absence par un appel avant 21h sur la ligne d&rsquo;astreinte : 07 50 54 63 18<\/h4>\n<h4>Cependant, l&rsquo;accueil ne sera pas assur\u00e9 les veilles de retour des vacances scolaires, de jours f\u00e9ri\u00e9s ainsi que les dimanches apr\u00e8s les examens de juin 2025.<\/h4>\n<h2 style=\"text-align: center;\"><span style=\"color: #ff0000;\">L&rsquo;internat est ferm\u00e9 les soirs de retour de vacances et jours f\u00e9ri\u00e9s.<\/span><\/h2>\n<h2 style=\"text-align: center;\"><span style=\"color: #ff0000;\">Planning des fermetures 2024\/2025<\/span><\/h2>\n<h2 style=\"text-align: center;\"><span style=\"color: #ff0000;\">L\u2019accueil ne sera pas assur\u00e9 le :<\/span><\/h2>\n<p style=\"text-align: center;\">Dimanche 03 Novembre 2024<\/p>\n<p style=\"text-align: center;\">Dimanche 10 Novembre 2024<\/p>\n<p style=\"text-align: center;\">Dimanche 05 janvier 2025<\/p>\n<p style=\"text-align: center;\">Dimanche 09 Mars 2025<\/p>\n<p style=\"text-align: center;\">Dimanche 04 Mai 2025<\/p>\n<p style=\"text-align: center;\">Dimanche 01 Juin 2025<\/p>\n<p style=\"text-align: center;\">Dimanche 08 juin 2025<\/p>\n<p style=\"text-align: center;\">Dimanche 29 Juin 2025<\/p>\n<h3 style=\"text-align: center;\">Fermeture d\u00e9finitive de l\u2019internat le vendredi 05 juillet 2024.<\/h3>\n","protected":false},"excerpt":{"rendered":"<p>Le lyc\u00e9e propose d&rsquo;accueillir gratuitement les internes le dimanche soir de 20h \u00e0 22h. La famille ou l&rsquo;\u00e9l\u00e8ve majeur, s&rsquo;engage \u00e0 pr\u00e9venir de tout retard ou absence par un appel avant 21h sur la ligne d&rsquo;astreinte : 07 50 54 63 18 Cependant, l&rsquo;accueil ne sera pas assur\u00e9 les veilles de retour des vacances scolaires, [&hellip;]<\/p>\n","protected":false},"author":1,"featured_media":0,"parent":1040,"menu_order":1,"comment_status":"closed","ping_status":"closed","template":"","meta":{"_monsterinsights_skip_tracking":false,"_monsterinsights_sitenote_active":false,"_monsterinsights_sitenote_note":"","_monsterinsights_sitenote_category":0,"footnotes":""},"class_list":["post-1506","page","type-page","status-publish","hentry"],"aioseo_notices":[],"_links":{"self":[{"href":"https:\/\/www.lycee-sud-perigord.fr\/2023\/wp-json\/wp\/v2\/pages\/1506","targetHints":{"allow":["GET"]}}],"collection":[{"href":"https:\/\/www.lycee-sud-perigord.fr\/2023\/wp-json\/wp\/v2\/pages"}],"about":[{"href":"https:\/\/www.lycee-sud-perigord.fr\/2023\/wp-json\/wp\/v2\/types\/page"}],"author":[{"embeddable":true,"href":"https:\/\/www.lycee-sud-perigord.fr\/2023\/wp-json\/wp\/v2\/users\/1"}],"replies":[{"embeddable":true,"href":"https:\/\/www.lycee-sud-perigord.fr\/2023\/wp-json\/wp\/v2\/comments?post=1506"}],"version-history":[{"count":2,"href":"https:\/\/www.lycee-sud-perigord.fr\/2023\/wp-json\/wp\/v2\/pages\/1506\/revisions"}],"predecessor-version":[{"id":14139,"href":"https:\/\/www.lycee-sud-perigord.fr\/2023\/wp-json\/wp\/v2\/pages\/1506\/revisions\/14139"}],"up":[{"embeddable":true,"href":"https:\/\/www.lycee-sud-perigord.fr\/2023\/wp-json\/wp\/v2\/pages\/1040"}],"wp:attachment":[{"href":"https:\/\/www.lycee-sud-perigord.fr\/2023\/wp-json\/wp\/v2\/media?parent=1506"}],"curies":[{"name":"wp","href":"https:\/\/api.w.org\/{rel}","templated":true}]}}