{"id":1381,"date":"2017-08-31T11:27:41","date_gmt":"2017-08-31T09:27:41","guid":{"rendered":"http:\/\/www.lycee-sud-perigord.fr\/?page_id=1381"},"modified":"2017-08-31T11:27:41","modified_gmt":"2017-08-31T09:27:41","slug":"qui-etait-helene-duc","status":"publish","type":"page","link":"https:\/\/www.lycee-sud-perigord.fr\/2023\/qui-etait-helene-duc\/","title":{"rendered":"Qui \u00e9tait H\u00e9l\u00e8ne Duc ?"},"content":{"rendered":"<h2><a href=\"http:\/\/www.lycee-sud-perigord.fr\/wp-content\/uploads\/2017\/08\/H\u00e9l\u00e8ne-Duc.jpg\"><img loading=\"lazy\" decoding=\"async\" class=\" wp-image-1479 aligncenter\" src=\"http:\/\/www.lycee-sud-perigord.fr\/wp-content\/uploads\/2017\/08\/H\u00e9l\u00e8ne-Duc-228x300.jpg\" alt=\"\" width=\"260\" height=\"342\" \/><\/a><\/h2>\n<h2>H\u00e9l\u00e8ne Duc<\/h2>\n<p>N\u00e9e le 22 mars 1917, d\u00e9c\u00e9d\u00e9 le 23 novembre 2014.<\/p>\n<p>Originaire de Bergerac, H\u00e9l\u00e8ne Duc \u00e9tait fille d&rsquo;institutrice et aimait les lettres. Elle devient professeur de fran\u00e7ais avant de choisir la com\u00e9die.<\/p>\n<p>&nbsp;<\/p>\n<p>\u00ab\u00a0<em>Juste parmi les Nations<\/em>\u00a0\u00bb et <em>officier de la L\u00e9gion d&rsquo;Honneur.<\/em><\/p>\n<p>H\u00e9l\u00e8ne Duc fut reconnue \u00ab\u00a0Juste parmi les Nations\u00a0\u00bb en 2005 pour avoir sauv\u00e9, avec sa m\u00e8re, de nombreux juifs pendant la guerre. Juliette GRECO, qui avait \u00e9t\u00e9 son \u00e9l\u00e8ve, fut une de ces personnes.<\/p>\n<p>Par la suite, elle re\u00e7oit la croix de chevalier de la L\u00e9gion d&rsquo;honneur en 2009 puis d&rsquo;officier de la L\u00e9gion d&rsquo;honneur en 2011.<\/p>\n<p>&nbsp;<\/p>\n<p>&nbsp;<\/p>\n","protected":false},"excerpt":{"rendered":"<p>H\u00e9l\u00e8ne Duc N\u00e9e le 22 mars 1917, d\u00e9c\u00e9d\u00e9 le 23 novembre 2014. Originaire de Bergerac, H\u00e9l\u00e8ne Duc \u00e9tait fille d&rsquo;institutrice et aimait les lettres. Elle devient professeur de fran\u00e7ais avant de choisir la com\u00e9die. &nbsp; \u00ab\u00a0Juste parmi les Nations\u00a0\u00bb et officier de la L\u00e9gion d&rsquo;Honneur. H\u00e9l\u00e8ne Duc fut reconnue \u00ab\u00a0Juste parmi les Nations\u00a0\u00bb en 2005 [&hellip;]<\/p>\n","protected":false},"author":1,"featured_media":1384,"parent":0,"menu_order":0,"comment_status":"closed","ping_status":"closed","template":"","meta":{"_monsterinsights_skip_tracking":false,"_monsterinsights_sitenote_active":false,"_monsterinsights_sitenote_note":"","_monsterinsights_sitenote_category":0,"footnotes":""},"class_list":["post-1381","page","type-page","status-publish","has-post-thumbnail","hentry"],"aioseo_notices":[],"_links":{"self":[{"href":"https:\/\/www.lycee-sud-perigord.fr\/2023\/wp-json\/wp\/v2\/pages\/1381","targetHints":{"allow":["GET"]}}],"collection":[{"href":"https:\/\/www.lycee-sud-perigord.fr\/2023\/wp-json\/wp\/v2\/pages"}],"about":[{"href":"https:\/\/www.lycee-sud-perigord.fr\/2023\/wp-json\/wp\/v2\/types\/page"}],"author":[{"embeddable":true,"href":"https:\/\/www.lycee-sud-perigord.fr\/2023\/wp-json\/wp\/v2\/users\/1"}],"replies":[{"embeddable":true,"href":"https:\/\/www.lycee-sud-perigord.fr\/2023\/wp-json\/wp\/v2\/comments?post=1381"}],"version-history":[{"count":0,"href":"https:\/\/www.lycee-sud-perigord.fr\/2023\/wp-json\/wp\/v2\/pages\/1381\/revisions"}],"wp:featuredmedia":[{"embeddable":true,"href":"https:\/\/www.lycee-sud-perigord.fr\/2023\/wp-json\/"}],"wp:attachment":[{"href":"https:\/\/www.lycee-sud-perigord.fr\/2023\/wp-json\/wp\/v2\/media?parent=1381"}],"curies":[{"name":"wp","href":"https:\/\/api.w.org\/{rel}","templated":true}]}}