{"id":1062,"date":"2017-03-26T19:54:52","date_gmt":"2017-03-26T17:54:52","guid":{"rendered":"http:\/\/www.lycee-sud-perigord.fr\/?page_id=1062"},"modified":"2017-03-26T19:54:52","modified_gmt":"2017-03-26T17:54:52","slug":"formation-continue","status":"publish","type":"page","link":"https:\/\/www.lycee-sud-perigord.fr\/2023\/formations\/formation-continue\/","title":{"rendered":"Formation continue"},"content":{"rendered":"<p><span class=\"s1\">Dans le cadre de la formation continue des adultes, les plateaux techniques de l\u2019\u00e9tablissement sont r\u00e9guli\u00e8rement mis \u00e0 disposition\u00a0de public ext\u00e9rieur :<\/span><\/p>\n<ul class=\"ul1\">\n<li class=\"li1\"><span class=\"s1\">Modules de formation \u00e0 la demande des entreprises\u00a0: enrichissement\u00a0 et d\u00e9veloppement de comp\u00e9tences, mise \u00e0 jour des connaissances en terme de s\u00e9curit\u00e9, \u00e9volutions r\u00e9glementaires\u2026<\/span><\/li>\n<li class=\"li1\"><span class=\"s1\">Module de formation \u00e0 la demande de salari\u00e9s\u00a0: acquisition de niveau de qualifications, Validation des Acquis de l&rsquo;Exp\u00e9rience, Droit Individuel \u00e0 la Formation\u2026<\/span><\/li>\n<li class=\"li1\"><span class=\"s1\">Plan r\u00e9gional de formation<\/span><\/li>\n<\/ul>\n<p>&nbsp;<\/p>\n<p>&nbsp;<\/p>\n","protected":false},"excerpt":{"rendered":"<p>Dans le cadre de la formation continue des adultes, les plateaux techniques de l\u2019\u00e9tablissement sont r\u00e9guli\u00e8rement mis \u00e0 disposition\u00a0de public ext\u00e9rieur : Modules de formation \u00e0 la demande des entreprises\u00a0: enrichissement\u00a0 et d\u00e9veloppement de comp\u00e9tences, mise \u00e0 jour des connaissances en terme de s\u00e9curit\u00e9, \u00e9volutions r\u00e9glementaires\u2026 Module de formation \u00e0 la demande de salari\u00e9s\u00a0: acquisition [&hellip;]<\/p>\n","protected":false},"author":1,"featured_media":0,"parent":1050,"menu_order":0,"comment_status":"closed","ping_status":"closed","template":"","meta":{"_monsterinsights_skip_tracking":false,"_monsterinsights_sitenote_active":false,"_monsterinsights_sitenote_note":"","_monsterinsights_sitenote_category":0,"footnotes":""},"class_list":["post-1062","page","type-page","status-publish","hentry"],"aioseo_notices":[],"_links":{"self":[{"href":"https:\/\/www.lycee-sud-perigord.fr\/2023\/wp-json\/wp\/v2\/pages\/1062","targetHints":{"allow":["GET"]}}],"collection":[{"href":"https:\/\/www.lycee-sud-perigord.fr\/2023\/wp-json\/wp\/v2\/pages"}],"about":[{"href":"https:\/\/www.lycee-sud-perigord.fr\/2023\/wp-json\/wp\/v2\/types\/page"}],"author":[{"embeddable":true,"href":"https:\/\/www.lycee-sud-perigord.fr\/2023\/wp-json\/wp\/v2\/users\/1"}],"replies":[{"embeddable":true,"href":"https:\/\/www.lycee-sud-perigord.fr\/2023\/wp-json\/wp\/v2\/comments?post=1062"}],"version-history":[{"count":0,"href":"https:\/\/www.lycee-sud-perigord.fr\/2023\/wp-json\/wp\/v2\/pages\/1062\/revisions"}],"up":[{"embeddable":true,"href":"https:\/\/www.lycee-sud-perigord.fr\/2023\/wp-json\/wp\/v2\/pages\/1050"}],"wp:attachment":[{"href":"https:\/\/www.lycee-sud-perigord.fr\/2023\/wp-json\/wp\/v2\/media?parent=1062"}],"curies":[{"name":"wp","href":"https:\/\/api.w.org\/{rel}","templated":true}]}}