{"id":1052,"date":"2017-03-26T19:50:21","date_gmt":"2017-03-26T17:50:21","guid":{"rendered":"http:\/\/www.lycee-sud-perigord.fr\/?page_id=1052"},"modified":"2024-12-16T10:12:40","modified_gmt":"2024-12-16T09:12:40","slug":"offre-globale-de-formations","status":"publish","type":"page","link":"https:\/\/www.lycee-sud-perigord.fr\/2023\/formations\/offre-globale-de-formations\/","title":{"rendered":"Offre globale de formations"},"content":{"rendered":"<section class=\"wpb-content-wrapper\"><p>[vc_row][vc_column][vc_column_text]<\/p>\n<h4 style=\"text-align: center;\">Le lyc\u00e9e des m\u00e9tiers Sud P\u00e9rigord propose des formations en CAP, Bac Pro et BTS dans les domaines industriels suivants\u00a0:<\/h4>\n<p>&nbsp;<\/p>\n<h4 style=\"text-align: center;\"><a href=\"http:\/\/www.lycee-sud-perigord.fr\/formations\/filiere-electrotechnique\/\" target=\"_blank\" rel=\"noopener\">Electrotechnique<\/a><\/h4>\n<h4 style=\"text-align: center;\"><a href=\"http:\/\/www.lycee-sud-perigord.fr\/formations\/filiere-maintenance-des-materiels\/\" target=\"_blank\" rel=\"noopener\">Maintenance des Mat\u00e9riels<\/a><\/h4>\n<h4 style=\"text-align: center;\"><a href=\"http:\/\/www.lycee-sud-perigord.fr\/formations\/filiere-chaudronnerie\/\" target=\"_blank\" rel=\"noopener\">Chaudronnerie Industrielle<\/a><\/h4>\n<h4 style=\"text-align: center;\"><a href=\"http:\/\/www.lycee-sud-perigord.fr\/formations\/filiere-procedes-de-la-chimie\/\" target=\"_blank\" rel=\"noopener\">G\u00e9nie des Proc\u00e9d\u00e9s de la Chimie<\/a><\/h4>\n<p>&nbsp;<\/p>\n<h2 style=\"text-align: center;\"><strong><a href=\"https:\/\/www.lycee-sud-perigord.fr\/2023\/wp-content\/uploads\/2023\/07\/OFFRE-DE-FORMATION.pdf\">OFFRE DE FORMATION<\/a><\/strong><\/h2>\n<h2 style=\"text-align: center;\"><strong>D\u00e9couvrez le parcours de pr\u00e9sentation des formations en vid\u00e9o ICI<\/strong><\/h2>\n<p style=\"text-align: center;\">\n<\/section>","protected":false},"excerpt":{"rendered":"<p>[vc_row][vc_column][vc_column_text] Le lyc\u00e9e des m\u00e9tiers Sud P\u00e9rigord propose des formations en CAP, Bac Pro et BTS dans les domaines industriels suivants\u00a0: &nbsp; Electrotechnique Maintenance des Mat\u00e9riels Chaudronnerie Industrielle G\u00e9nie des Proc\u00e9d\u00e9s de la Chimie &nbsp; OFFRE DE FORMATION D\u00e9couvrez le parcours de pr\u00e9sentation des formations en vid\u00e9o ICI<\/p>\n","protected":false},"author":1,"featured_media":0,"parent":1050,"menu_order":0,"comment_status":"closed","ping_status":"closed","template":"","meta":{"_monsterinsights_skip_tracking":false,"_monsterinsights_sitenote_active":false,"_monsterinsights_sitenote_note":"","_monsterinsights_sitenote_category":0,"footnotes":""},"class_list":["post-1052","page","type-page","status-publish","hentry"],"aioseo_notices":[],"_links":{"self":[{"href":"https:\/\/www.lycee-sud-perigord.fr\/2023\/wp-json\/wp\/v2\/pages\/1052","targetHints":{"allow":["GET"]}}],"collection":[{"href":"https:\/\/www.lycee-sud-perigord.fr\/2023\/wp-json\/wp\/v2\/pages"}],"about":[{"href":"https:\/\/www.lycee-sud-perigord.fr\/2023\/wp-json\/wp\/v2\/types\/page"}],"author":[{"embeddable":true,"href":"https:\/\/www.lycee-sud-perigord.fr\/2023\/wp-json\/wp\/v2\/users\/1"}],"replies":[{"embeddable":true,"href":"https:\/\/www.lycee-sud-perigord.fr\/2023\/wp-json\/wp\/v2\/comments?post=1052"}],"version-history":[{"count":4,"href":"https:\/\/www.lycee-sud-perigord.fr\/2023\/wp-json\/wp\/v2\/pages\/1052\/revisions"}],"predecessor-version":[{"id":14341,"href":"https:\/\/www.lycee-sud-perigord.fr\/2023\/wp-json\/wp\/v2\/pages\/1052\/revisions\/14341"}],"up":[{"embeddable":true,"href":"https:\/\/www.lycee-sud-perigord.fr\/2023\/wp-json\/wp\/v2\/pages\/1050"}],"wp:attachment":[{"href":"https:\/\/www.lycee-sud-perigord.fr\/2023\/wp-json\/wp\/v2\/media?parent=1052"}],"curies":[{"name":"wp","href":"https:\/\/api.w.org\/{rel}","templated":true}]}}